{"id":390,"date":"2010-11-30T22:54:33","date_gmt":"2010-11-30T20:54:33","guid":{"rendered":"http:\/\/salt-n-light.de\/?page_id=390"},"modified":"2017-10-09T17:34:07","modified_gmt":"2017-10-09T15:34:07","slug":"videos","status":"publish","type":"page","link":"https:\/\/salt-n-light.de\/?page_id=390","title":{"rendered":"Videos"},"content":{"rendered":"<p>Die Video Seite hat sich ein wenig ver\u00e4ndert wie ihr seht.<\/p>\n<p>Das liegt daran, dass wir nun einen super coolen und immer aktuellen <strong>Youtube-Channel<\/strong> haben!<\/p>\n<p>Die sch\u00f6nen und auch qualitativ besseren Videos findet ihr nun hier:<\/p>\n<p><a href=\"https:\/\/www.youtube.com\/channel\/UC7O2Ts_mMVGfpVAcMcoVnuQ\">https:\/\/www.youtube.com\/channel\/UC7O2Ts_mMVGfpVAcMcoVnuQ<\/a><\/p>\n<p>Unsere Videos sind auch \u00fcber die Suchfunktion von YouTube zu finden und in den Beschreibungen seht ihr, wo und wann dieses Video aufgenommen wurde. Eine echte Verbesserung.<\/p>\n<p>Nat\u00fcrlich ist das l\u00e4ngst nicht alles aus unserem Programm, doch wir m\u00fcssen noch Stunden an Videomaterial sichten und wollen euch nur das Beste zeigen!<\/p>\n<p>&nbsp;<\/p>\n<p>&nbsp;<\/p>\n","protected":false},"excerpt":{"rendered":"<p>Die Video Seite hat sich ein wenig ver\u00e4ndert wie ihr seht. Das liegt daran, dass wir nun einen super coolen und immer aktuellen Youtube-Channel haben! Die sch\u00f6nen und auch qualitativ besseren Videos findet ihr nun hier: https:\/\/www.youtube.com\/channel\/UC7O2Ts_mMVGfpVAcMcoVnuQ Unsere Videos sind auch \u00fcber die Suchfunktion von YouTube zu finden und in den Beschreibungen seht ihr, wo [&hellip;]<\/p>\n","protected":false},"author":2,"featured_media":0,"parent":381,"menu_order":3,"comment_status":"closed","ping_status":"closed","template":"","meta":{"ngg_post_thumbnail":0,"footnotes":""},"class_list":["post-390","page","type-page","status-publish","hentry"],"_links":{"self":[{"href":"https:\/\/salt-n-light.de\/index.php?rest_route=\/wp\/v2\/pages\/390","targetHints":{"allow":["GET"]}}],"collection":[{"href":"https:\/\/salt-n-light.de\/index.php?rest_route=\/wp\/v2\/pages"}],"about":[{"href":"https:\/\/salt-n-light.de\/index.php?rest_route=\/wp\/v2\/types\/page"}],"author":[{"embeddable":true,"href":"https:\/\/salt-n-light.de\/index.php?rest_route=\/wp\/v2\/users\/2"}],"replies":[{"embeddable":true,"href":"https:\/\/salt-n-light.de\/index.php?rest_route=%2Fwp%2Fv2%2Fcomments&post=390"}],"version-history":[{"count":5,"href":"https:\/\/salt-n-light.de\/index.php?rest_route=\/wp\/v2\/pages\/390\/revisions"}],"predecessor-version":[{"id":1485,"href":"https:\/\/salt-n-light.de\/index.php?rest_route=\/wp\/v2\/pages\/390\/revisions\/1485"}],"up":[{"embeddable":true,"href":"https:\/\/salt-n-light.de\/index.php?rest_route=\/wp\/v2\/pages\/381"}],"wp:attachment":[{"href":"https:\/\/salt-n-light.de\/index.php?rest_route=%2Fwp%2Fv2%2Fmedia&parent=390"}],"curies":[{"name":"wp","href":"https:\/\/api.w.org\/{rel}","templated":true}]}}